posite?
False
Suppose c - 7*a = -4*a + 17, -c + a + 9 = 0. Suppose 5*q + 28686 = c*h - 37949, 0 = -2*q. Is h composite?
False
Let v(j) = -1993*j + 15. Let w(b) = -b**3 + 5*b**2 + 8*b - 14. Let h be w(6). Is v(h) a composite number?
False
Let f(o) = -8134*o + 223. Is f(-18) prime?
False
Let h(n) = 15*n**3 - 13*n**2 - 8*n + 57. Is h(23) a prime number?
False
Let z(r) = 82*r**2 + 42*r - 375. Is z(26) a prime number?
True
Let u(a) = -235*a - 20. Let o(b) = 78*b + 7. Let r(v) = -11*o(v) - 4*u(v). Let f(c) = -2*c**3 + 11*c**2 - 90*c + 432. Let g be f(5). Is r(g) prime?
True
Suppose 4*x = -4*v - 0*v + 28, 26 = 4*x + 5*v. Suppose -6006 = -x*d + 11373. Is d composite?
False
Is ((-528)/(-14))/(-33) - 2159599/(-7) a prime number?
False
Suppose -t = -8169 - 2397. Let x = -3499 + t. Is x a composite number?
True
Suppose -380*b = -357*b - 3745757. Is b a prime number?
True
Is ((-2)/((-24)/19311))/(137/548) prime?
False
Is ((-174626)/(-8))/(((-1)/3)/(92/(-69))) a prime number?
True
Suppose 127*z = 7*z + 4013160. Is z a prime number?
False
Let d(j) be the second derivative of 79*j**3/6 + 69*j**2/2 - 1988*j. Let i(s) = -s**3 - 4*s**2 + 9*s + 4. Let y be i(-6). Is d(y) a composite number?
True
Let x = 1115 + 5552. Is x composite?
True
Let r(a) = -18*a + 38. Let q be r(2). Suppose -22*o + 17*o + 69507 = -q*b, 0 = -o - b + 13900. Is o prime?
True
Let j(t) = 552*t**2 + 29*t - 480. Is j(13) prime?
False
Let w(r) = -67*r + 11. Let y(c) = -c**2 + 7*c - 3. Let b be y(7). Let z be w(b). Suppose z + 2419 = 3*v. Is v composite?
False
Let m be (30/(-9))/(1/(-15)). Let k(v) = 132*v**2 + 2*v - 47 + m + 2*v. Is k(-2) composite?
False
Suppose 30 = 5*m - 4*u, -m - 17 = -2*m + 3*u. Suppose 5*t - m*d - 10167 = 2*t, -3389 = -t - 4*d. Is t composite?
False
Let u = 1510434 - 892441. Is u a prime number?
False
Is 89 + -88 - (-2 - 153844)/3 composite?
False
Suppose 118*y + 50*y - 40*y = 116440448. Is y a composite number?
False
Let n = 33560 - -99892. Let u = 76260 - n. Is u/(-30) + ((-24)/(-10))/4 a composite number?
False
Let n(v) = 105 - 122 + 5*v**2 - v - 3*v. Is n(-10) composite?
False
Let v(o) = 208292*o**2 - 72*o - 105. Is v(-2) a prime number?
False
Suppose 36 - 280 = -4*d + 4*x, 0 = 4*d + 2*x - 256. Suppose d*n - 2865 = 60*n. Is n prime?
False
Suppose -5 = -2*x - 3. Let f be 5883/4 + x/4. Is f*(1 + 0 + -3 + 3) a prime number?
True
Is 2/(12/171466)*(797 + -794) composite?
False
Suppose -6806 = 6*q - 770. Let l = 4889 + q. Is l a prime number?
False
Suppose 96*q - 101*q + 104830 = 0. Let m = 41253 - q. Is m a prime number?
True
Suppose 306*y - 310*y = -c - 272673, 272648 = 4*y + 4*c. Is y a composite number?
True
Suppose 24*n + 17*n - 456708 = -43*n. Is n prime?
True
Suppose -1101*w + 3720832 = 4*s - 1103*w, 2*s - 1860452 = -5*w. Is s prime?
True
Let x(z) = -61*z - 12. Let o(p) = -p**3 + 9*p**2 + 2*p - 23. Suppose -3*t + 1 = -26. Let l be o(t). Is x(l) composite?
False
Let q be (-139)/(-7) - 7/(-49). Let h be 4/20 + 24/q*4. Suppose v - s - 79 = 0, -450 = -h*v - 4*s - 73. Is v a composite number?
True
Suppose -5*u - 113*d = -109*d - 7876905, 8*d = u - 1575381. Is u a composite number?
True
Suppose 24 = -2*j - 4*r - 52, -3*r + 229 = -5*j. Let b be ((-33)/j)/((-3)/(-20)). Suppose -5*x - 38 = -g, -5*g + 74 = -b*x - 16. Is g a composite number?
False
Let k be (3 - (-58095)/(-27))*6/(-4). Suppose -17365 - k = -4*w. Is w prime?
True
Let a = 29 + -25. Let v be -3 + 1426 + a/(7 + -3). Suppose v = -5*x + 8319. Is x a prime number?
False
Let f(p) = 23*p**2 - p + 14. Let t be f(2). Let q(w) = -8*w**2 + 4*w - 3. Let d be q(2). Let m = d + t. Is m prime?
False
Let y = 33506 - 20005. Is y a prime number?
False
Let q = -161 + 161. Suppose y + 5 = q, -2*j = 2*y - 966 - 286. Is j a composite number?
False
Let i(g) = 137*g**2 + 9*g - 99. Is i(-19) composite?
True
Let r(g) = 8*g**2 + 3*g. Let h be r(-2). Let b be -327*1*h/39. Let a = 281 - b. Is a a prime number?
True
Suppose 145*j - 2402611 = 17*j + 435277. Is j prime?
True
Let o(u) = -15*u**2 + 26*u - 14. Let l be o(4). Let z = 517 - l. Is z composite?
True
Let n = 1036432 + -551231. Is n prime?
True
Suppose -i + 4*l + 16 = 0, -3*i - 6 = l - 2. Suppose -6 = -4*o - 2*k, 4*o - 5*k - 13 = -i*k. Suppose 3*m + 869 - 2635 = 5*p, 0 = -2*p - o. Is m a prime number?
True
Suppose -3*a + x + 8 = 0, 0*a - 2*a - 13 = 3*x. Is (a + 6)/((-244)/82 - -3) a composite number?
True
Let b be 4*20/(-16)*-2. Let m(z) = z - 4. Let x be m(b). Suppose t + 955 = x*t. Is t a prime number?
True
Let c(z) = -17680*z + 47. Let j be c(-3). Suppose -2*b + 5*b + t - j = 0, -5*t - 35380 = -2*b. Is b a composite number?
True
Suppose -8*x = -6*x. Suppose x = 4*t - 51763 + 16799. Is t a composite number?
False
Suppose 77278 = 2*b + 3*q, -5*b + 91*q - 86*q = -193195. Is b prime?
True
Let l be ((-58)/3)/(4/114). Let w = -83 + -1675. Let d = l - w. Is d a composite number?
True
Let c be (-6224)/(0 + (-5 - -4)). Suppose -672 = 4*m - c. Suppose -29*x + 33*x = m. Is x prime?
True
Let y(g) = -712*g + 6. Let t(k) = -711*k + 7. Let r(b) = -4*t(b) + 5*y(b). Let d be r(-2). Suppose 6*w + j = 3*w + d, -3*w + 1446 = -3*j. Is w prime?
True
Suppose -3*h = -4*p - 81553, 5*p + 3053 = -2*h + 57391. Is h a composite number?
False
Let k = -614 + 1986. Let n = k + -759. Is n a composite number?
False
Suppose -107410 = -5*a - 5*l, 5*a - 10*a + l = -107404. Is a composite?
False
Let u(p) = -128*p**3 - 25*p**2 - 6*p + 6. Is u(-7) a composite number?
False
Suppose 4*w - 53241 = -y, -3*y + 106427 = -y - 3*w. Suppose 0 = t + 6*t - y. Is t composite?
False
Let m(l) = -16 + 2*l + 12 - 12 - 17. Let a be m(10). Is (-5079)/(-2) + a/26 a composite number?
False
Is -13 - -9 - (-392388 + -18) composite?
True
Suppose -2 = 2*x, 1388 = 5*o - x - 233. Let a = 1403 - o. Is a a prime number?
False
Let m be (-9)/21 + 136/56. Is (2 + 8596/8)*m composite?
False
Let r(q) = -183*q + 56. Let n(t) = -182*t + 55. Let i(o) = -4*n(o) + 5*r(o). Is i(-11) a composite number?
True
Let c be 4 - 1/2*92. Let x be ((-7)/3)/((-7)/c). Is (-2*113)/(4/x) prime?
False
Let z = 11155 - -433. Suppose -5*n + z = 2793. Is n composite?
False
Let u(a) = a**2 + 2*a - 21. Let d be u(-6). Suppose -889 = -d*s + 1268. Is s prime?
True
Is (-224527 - 2)*49/(-147) a prime number?
True
Suppose 0 = 5*i - 4*o - 756809, -25*i + 605404 = -21*i + 4*o. Is i prime?
True
Suppose 164409 = 3420*g - 3379*g - 63305. Is g a prime number?
False
Suppose -f - 22 = 10. Let v be (-4)/f + 100/(-32). Let l(r) = 186*r**2 + 5*r - 4. Is l(v) a prime number?
False
Let s = -52282 + 98219. Is s a prime number?
False
Suppose -252*g + 253*g - 3 = 0. Suppose -2*h + 5*h - f = 36344, -36347 = -g*h - 2*f. Is h composite?
True
Let g(s) = 2*s**2 - 5*s - 4. Suppose -6*m = -3*m + 45. Let q = m - -24. Is g(q) composite?
False
Let p(l) be the first derivative of -13 + 7*l**2 - 18 + 29*l + 19. Is p(7) a composite number?
False
Suppose 4*k + 1943 - 18860 = 5*a, -5*a = 3*k - 12644. Suppose -k + 399 = -4*i. Is (7 - 4) + i - 0 composite?
True
Suppose -40 = -18*w + 14. Suppose 0 = 24*h - 19*h - 20, -55629 = -3*b - w*h. Is b composite?
False
Suppose -y + 19 + 19 = -4*u, -5*u - 10 = 0. Let q = -1939 - y. Is 6 + -1 + -1 - q prime?
True
Suppose 3*d = g + 13783, -4*g = 7*d - 3*d - 18356. Let f = 6824 - d. Is f a composite number?
True
Let u(i) = 3*i + 55. Let x be u(-19). Is (x + 1)*(-21)/(-7) + 2461 a prime number?
False
Suppose x - 3*m + 0*m = 344315, 0 = m. Is x a prime number?
False
Let l(a) = -54*a + 34. Let t be l(-9). Let r = t - 1003. Let h = 4 - r. Is h prime?
True
Let o = 39490 + 113053. Is o a composite number?
True
Is (279714/24)/(78/5928) prime?
False
Let q = 14 + -26. Let j(a) = 76*a - 52. Let r be j(6). Is 0 - r/(-6) - q/(-36) a composite number?
False
Let k(q) = -q**2 + 10*q + 3. Let j be (-3*5/(-12))/(3/24). Let h be k(j). Suppose 5*l + 5*u = 4585, -l + 964 - 39 = h*u. Is l composite?
True
Suppose 0 = -48*w + 871613 + 13603891. Is w a composite number?
True
Suppose -3787 = 8*h - 291. Let y = -166 - h. Is y a composite number?
False
Let w = 218 + -222. Is w/(-10) + (-163458)/(-30) a composite number?
False
Suppose 2*d - 5123 = 5021. Suppose -4*n + 3*p - 5*p = -d, 4*n = 5*p + 5100. Is ((-6)/12)/((-1)/n) composite?
True
Suppose 3*n - 5*n - 2*k = -16, 5*n - 2*k = 26. Suppose 10*o - 420 = n*o